= -5*o. List the prime factors of o.
2, 5
Suppose j - 10 = 62. List the prime factors of j.
2, 3
Let c(n) = 9*n**2 + 11*n + 3. Let o(g) = 4*g**2 + 6*g + 2. Let p(w) = -2*c(w) + 5*o(w). What are the prime factors of p(-6)?
2, 7
Let a be (2/6 + -2)*-3. Suppose -a*b + 6 = -3*b. List the prime factors of b.
3
Suppose -7*g = -2*g - 35. Suppose 8*j - 28 = g*j. List the prime factors of j.
2, 7
Suppose -6*u + 9*u = 138. What are the prime factors of u?
2, 23
Let d(w) = 2*w - 6. Suppose 4*k - 19 = 1. Let i be d(k). Suppose i - 1 = j. List the prime factors of j.
3
Let r = -12 - -32. Suppose -s - s = -r. List the prime factors of s.
2, 5
Suppose -4*z - 11 + 164 = 5*l, 3*l - 40 = -z. List the prime factors of z.
37
Let l = 1 - 3. Let w(z) = 3*z**2. What are the prime factors of w(l)?
2, 3
Suppose 3*y = 2*c + 19 + 165, 68 = y - 4*c. What are the prime factors of y?
2, 3, 5
Suppose -53*p + 54*p = 44. What are the prime factors of p?
2, 11
Suppose -2*h + 144 = 2*u - 196, -2*h + 10 = 0. What are the prime factors of u?
3, 5, 11
Let z(a) = 10*a + 1. Let u be z(1). Suppose 4*t - 9 = u. Suppose 0*n + 45 = 5*f + n, 2*f + t*n - 41 = 0. What are the prime factors of f?
2
Let d = 34 + -25. What are the prime factors of d?
3
Let t(j) = 4*j**2 + 17*j - 36. List the prime factors of t(-11).
3, 29
Suppose r + 3*t + 134 = 3*r, -3*r + 5*t + 199 = 0. What are the prime factors of r?
73
What are the prime factors of (12/18 + 986/6)*1?
3, 5, 11
Let g be (-6)/4*(-8 - -6). Let q = g - -1. Suppose 3*p - 30 = -q*l + 1, 0 = 4*p + 3*l - 32. List the prime factors of p.
5
Let d = -198 - -284. List the prime factors of d.
2, 43
Let j(g) = g**3 - 7*g**2 - 8*g. Let u be j(8). List the prime factors of 11*1 - (-2 - u).
13
Let r be (0 + -1)/(-1)*0. Suppose r = -3*v - 3*x + 6, -5*x + 8 = v - x. Let w(j) = j + 14. List the prime factors of w(v).
2, 7
Let u(x) = -x**3 + 2*x**2 + x. Let b be u(2). Suppose -b*q - 4 + 10 = 4*r, -2*r = 4*q - 30. List the prime factors of q.
3
Suppose 5*b = -4*i - 36, -3*b - 2*i - 23 = -i. Let t(d) = d + 6. Let j be t(b). List the prime factors of (-44)/8*(j - 0).
11
Let r = 35 - 3. Let a = -1 + r. List the prime factors of a.
31
Let p = -131 + 191. Suppose 2*z + 3*z - p = 0. What are the prime factors of z?
2, 3
Let l = -226 + 392. List the prime factors of l.
2, 83
Suppose 0 = -3*a - 7 + 22. Suppose -z + 3*z = 3*w + 49, a*w - 57 = -2*z. List the prime factors of z.
2, 13
Let j(a) = -9*a**2 + 7*a - 11. Let c(d) = -4*d**2 + 3*d - 5. Let w(h) = -7*c(h) + 3*j(h). List the prime factors of w(4).
2, 3
Let h(m) = 6*m + 1. What are the prime factors of h(2)?
13
Let l = -136 - -200. List the prime factors of l.
2
Suppose -16 = -4*q - 4*r, -3*q + 19 = 5*r - 1. Suppose -3*t - 2*t + 265 = q. List the prime factors of t.
53
Let o be (-1)/(8/6 + -1). Let q(z) = 2*z - 14 + 10 - z**2 - 4*z - 5*z. What are the prime factors of q(o)?
2
Suppose -4*c = 7 - 27, -5*r - 3*c + 40 = 0. Suppose 0 = 2*l + 4*p - 16, 0 = 3*l + 2*l + p + r. Let y = l - -6. What are the prime factors of y?
2
Let o = -74 + 111. List the prime factors of o.
37
Let l(t) = -3*t - 8. Suppose 24 = -3*q + 6. List the prime factors of l(q).
2, 5
Let j(n) = -n**3 + 6*n**2 - 4*n + 2. Let i be (5 - 2)/(-6)*-10. What are the prime factors of j(i)?
7
Suppose 0 = 5*k + 76 - 431. What are the prime factors of k?
71
Let a be (-1 - 1) + (-21)/(-3). Let j = a + 5. What are the prime factors of j?
2, 5
Let s(q) = q + 7. Let v be s(-5). Suppose v*u = -0*u. Let b = 9 + u. What are the prime factors of b?
3
Let q be ((-2)/(-6)*0)/1. Suppose 5*h - 59 - 26 = q. List the prime factors of (-1 + h - 3)*1.
13
Suppose 2*d + 0*d - 4 = 0, 2*z = -d - 14. Let g(h) = h**2 + 2*h - 2. Let f be g(z). Let y = -31 + f. What are the prime factors of y?
3, 5
Suppose -2*w = -4*p + 5*p + 3, -3*w - 12 = 4*p. Let j = p - -6. What are the prime factors of j?
3
Let z be ((-2)/4)/((-3)/18). Let p = z - -18. What are the prime factors of p?
3, 7
Let p = -3 + 3. Suppose p = k - 10 + 1. What are the prime factors of k?
3
Let q(x) = 9*x - 2. List the prime factors of q(5).
43
Suppose 60 - 7 = x. List the prime factors of x.
53
Let b(q) be the first derivative of 1 - 1/2*q**2 - 1/3*q**3 + 1/4*q**4 + 2*q. List the prime factors of b(0).
2
Let y(l) = l**2 + 1. Suppose u = 4*t + 18, -2*t = 3*u - 2*u + 12. Let s be y(u). Let g(p) = -p**2 + 5*p + 3. What are the prime factors of g(s)?
3
Suppose 0 = 11*r - 10*r - 11. Suppose 4*k - 4 = 2*x - 3*x, -k + 1 = -5*x. What are the prime factors of -2 + r + x/(-1)?
3
Let q be 30/9 - 4/(-6). Suppose 4*t = q, b - 16 = -4*t - t. List the prime factors of b.
11
Suppose p + 0*p - 3*m = 37, 2*p + 5*m - 19 = 0. List the prime factors of p.
2, 11
Let t = -10 - -12. List the prime factors of t/(40/18 + -2).
3
List the prime factors of (-2 - (7 - 7))*(-38)/4.
19
Let c = -20 + 24. Suppose 0 = -k + 4, -c*h - k = -0*k - 236. List the prime factors of h.
2, 29
List the prime factors of (0 + 1)*(-71)/(-1).
71
Suppose b - r = -4*r + 26, 15 = 3*r. Let k = -23 + b. Let y = k - -21. What are the prime factors of y?
3
Suppose 5*l = -5, -l + 21 = h - 9. Let r = -18 + h. List the prime factors of r.
13
Suppose 2*b - 264 = -4*z, z - 5*b - 12 = 43. Suppose 0 = 3*c - 4*s + z + 11, -5*c - 84 = 4*s. What are the prime factors of c/(-6)*6/4?
5
Suppose -55 = -5*w + 80. Let d = w + -3. Suppose 2*u + k - 20 = -2*k, 5*u + k - d = 0. What are the prime factors of u?
2
Let t(i) = i**3 + 7*i**2 - i + 8. Let o be t(-7). Suppose -u - 3*p + o + 32 = 0, -4 = 4*p. List the prime factors of u.
2, 5
Let u = -8 + 16. Suppose 5*c = u*c - 171. What are the prime factors of c?
3, 19
Suppose 0 = 2*p - 87 - 97. List the prime factors of p.
2, 23
Let o be -1 - (-2 - 0) - -1. Suppose -4*h + 90 = o*h. List the prime factors of h.
3, 5
What are the prime factors of (3/(-2) - 0)*(-92)/3?
2, 23
Suppose 0 = c - 4*c + 12. Suppose 2*k + f + c*f = 9, -k + 4 = 2*f. Suppose -3*n - 2 = -k*r - 40, -5*n + 4*r = -66. List the prime factors of n.
2, 5
Suppose 9*j - 491 = -50. List the prime factors of j.
7
What are the prime factors of 115/20 - (5/(-4) + 1)?
2, 3
Let m = 10 + -7. Suppose -m*d = -23 - 13. What are the prime factors of d?
2, 3
Let a(w) = 6*w**2 - w + 2. What are the prime factors of a(5)?
3, 7
Let p = 136 + -78. List the prime factors of p.
2, 29
Let o be -2 + 2/(-2)*-7. Let w(g) be the third derivative of g**4/24 + 7*g**3/6 + 2*g**2. List the prime factors of w(o).
2, 3
Suppose -4*y = -3*m + 9, 0*m - 13 = 3*y + 4*m. Let t(h) = -h**3 - 4*h**2 - 8*h - 4. What are the prime factors of t(y)?
11
Suppose -5*q + 10 = -20. Let u(t) = t**3 - 6*t**2 + 2*t + 1. List the prime factors of u(q).
13
Let o(g) be the third derivative of -g**6/120 - 2*g**5/15 - g**4/4 + 3*g**3/2 - g**2. List the prime factors of o(-7).
2
Let i(z) = z**3 + 5*z**2 + 3*z - 4. Let t be i(-3). Let b be (0 - (-12)/10)*t. Let f = 6 + b. List the prime factors of f.
2, 3
Let w = -9 + 14. Suppose -r = w - 7. What are the prime factors of r?
2
Let h(c) = -c + 8. Let k be h(6). What are the prime factors of (-54)/(-10) - k/5?
5
Suppose -4*q + 65 = 3*s, 4*s - q - 95 = 2*q. List the prime factors of s.
23
Suppose -5*q + 5*z = -0*q - 190, -z + 127 = 4*q. What are the prime factors of q?
3, 11
Let m(n) = 8*n - 6. What are the prime factors of m(3)?
2, 3
Suppose -2*f + 18 = o, -15 = -4*f + 5*o + 21. List the prime factors of f.
3
Suppose -3*q + 5*p + 296 = 0, -4*q + 98 = -3*q - 2*p. List the prime factors of q.
2, 3, 17
Let x be (-2)/(1 + (-4)/8). Let f = x - -13. What are the prime factors of f?
3
Suppose 5*x = -3*p - 14, -4*p + 28 = -0*p - 5*x. Let q be 9 - -1 - (p + 0). Let j(z) = -z**2 + 9*z - 1. What are the prime factors of j(q)?
7
Suppose -6*v + v = 0. Suppose -d - d + 28 = v. List the prime factors of d.
2, 7
Suppose -4 = 3*g - 3*v - 43, -18 = -3*g - 4*v. Suppose 2*s - g = 34. List the prime factors of s.
2, 11
Let n = 278 + 42. What are the prime factors of n?
2, 5
Let t(m) = -m - 3. What are the prime factors of t(-13)?
2, 5
Let s(t) = 6*t**2 - t + 2. What are the prime factors of s(5)?
3, 7
Let f = -360 + 533. What are the prime factors of f?
173
Let m = 12 + -5. Let v = m + -2. Suppose v*g - n - 54 = -3*n, 3*n + 44 = 5*g. List the prime factors of g.
2, 5
Suppose 0 = -d - 3 + 15. Let a = d - 7. Suppose